{"id":59,"date":"2025-11-23T10:35:03","date_gmt":"2025-11-23T10:35:03","guid":{"rendered":"https:\/\/www.achetnembutal.online\/?page_id=59"},"modified":"2025-11-23T10:35:05","modified_gmt":"2025-11-23T10:35:05","slug":"s-o-s-nembutal-en-ligne","status":"publish","type":"page","link":"https:\/\/www.achetnembutal.online\/?page_id=59","title":{"rendered":"S.O.S Nembutal en ligne\u00a0"},"content":{"rendered":"\n<h2 class=\"wp-block-heading\">S.O.S Nembutal en ligne\u00a0livraison express<\/h2>\n\n\n\n<p class=\"wp-block-paragraph\">S.O.S Nembutal en ligne\u00a0Nous sommes une collaboration de pharmaciens et d&#8217;experts en euthanasie et assistance nous mettons \u00e0 votre disposition un produit de qualit\u00e9 sup\u00e9rieure et irr\u00e9prochable avait action imm\u00e9diate n&#8217;h\u00e9sitez plus \u00e0 nous faire confiance si vous avez besoin du Nembutal   Achetez d\u00e9sormais votre Nembutal en France et dans le monde<\/p>\n\n\n\n<p class=\"wp-block-paragraph\"><\/p>\n\n\n\n<figure class=\"wp-block-image size-full\"><img loading=\"lazy\" decoding=\"async\" width=\"483\" height=\"316\" src=\"https:\/\/www.achetnembutal.online\/wp-content\/uploads\/2025\/11\/OIP-14.webp\" alt=\"S.O.S Nembutal en ligne\" class=\"wp-image-10\" srcset=\"https:\/\/www.achetnembutal.online\/wp-content\/uploads\/2025\/11\/OIP-14.webp 483w, https:\/\/www.achetnembutal.online\/wp-content\/uploads\/2025\/11\/OIP-14-300x196.webp 300w\" sizes=\"auto, (max-width: 483px) 100vw, 483px\" \/><figcaption class=\"wp-element-caption\">S.O.S Nembutal en ligne<\/figcaption><\/figure>\n\n\n\n<h2 class=\"wp-block-heading\">nembutal une solution efficace a L&#8217;euthanasie<\/h2>\n\n\n\n<p class=\"wp-block-paragraph\">La r\u00e9glementation contre NEMBUTAL  du fait que c&#8217;est une solution efficace et rapide contre l&#8217;\u00e9than\u00e9sie d\u00e8s lors il vous est proscrit de l&#8217;acheter sans ordonnance et prescription officielle<\/p>\n\n\n\n<p class=\"wp-block-paragraph\">Nous avons donc la possibilit\u00e9 de vous offrir ce pr\u00e9cieux s\u00e9same<\/p>\n\n\n\n<figure class=\"wp-block-image size-full\"><img loading=\"lazy\" decoding=\"async\" width=\"474\" height=\"312\" src=\"https:\/\/www.achetnembutal.online\/wp-content\/uploads\/2025\/11\/OIP-10.webp\" alt=\"S.O.S Nembutal en ligne\" class=\"wp-image-8\" srcset=\"https:\/\/www.achetnembutal.online\/wp-content\/uploads\/2025\/11\/OIP-10.webp 474w, https:\/\/www.achetnembutal.online\/wp-content\/uploads\/2025\/11\/OIP-10-300x197.webp 300w\" sizes=\"auto, (max-width: 474px) 100vw, 474px\" \/><\/figure>\n\n\n\n<h2 class=\"wp-block-heading\"> Achetez du NEMBUTAL EN POURDRE ET INJECTABLE EN SOLITION LIQUIDE<\/h2>\n\n\n\n<p class=\"wp-block-paragraph\"> Vous avez le choix entre la solution liquide ou encore en poudre <\/p>\n\n\n\n<p class=\"wp-block-paragraph\"> Mais apr\u00e8s consultation nous vous orientons vers la forme qui vous convient le mieux<\/p>\n\n\n\n<figure class=\"wp-block-image size-full\"><img loading=\"lazy\" decoding=\"async\" width=\"734\" height=\"391\" src=\"https:\/\/www.achetnembutal.online\/wp-content\/uploads\/2025\/11\/medical-doctor-near-me.jpg\" alt=\"NEMBUTAL EN VENTE\" class=\"wp-image-33\" srcset=\"https:\/\/www.achetnembutal.online\/wp-content\/uploads\/2025\/11\/medical-doctor-near-me.jpg 734w, https:\/\/www.achetnembutal.online\/wp-content\/uploads\/2025\/11\/medical-doctor-near-me-300x160.jpg 300w\" sizes=\"auto, (max-width: 734px) 100vw, 734px\" \/><\/figure>\n\n\n\n<p class=\"wp-block-paragraph\"><\/p>\n\n\n\n<p class=\"wp-block-paragraph\"><\/p>\n\n\n\n<h2 class=\"wp-block-heading\">La solution id\u00e9ale et finale achetez votr <a href=\"http:\/\/S.O.S Nembutal en ligne\">Nembutal<\/a><\/h2>\n\n\n\n<p class=\"wp-block-paragraph\"><\/p>\n\n\n\n<p class=\"wp-block-paragraph\"> Chacun a le droit de d\u00e9cider de sa vie surtout \u00e0 des p\u00e9riodes critiques chacun a le droit de stopper ses douleurs et ses souffrances c&#8217;est le courant le plus absolu d&#8217;un \u00eatre  humain<\/p>\n\n\n\n<figure class=\"wp-block-image size-full is-resized\"><img loading=\"lazy\" decoding=\"async\" width=\"259\" height=\"74\" src=\"https:\/\/www.achetnembutal.online\/wp-content\/uploads\/2025\/11\/images-16-e1763893272147.jpg\" alt=\"S.O.S Nembutal en ligne\" class=\"wp-image-60\" style=\"width:259px;height:auto\"\/><\/figure>\n\n\n\n<p class=\"wp-block-paragraph\"><\/p>\n\n\n\n<h2 class=\"wp-block-heading\"><a href=\"https:\/\/www.achetnembutal.online\/\">S.O.S Nembutal en ligne <\/a><\/h2>\n\n\n\n<p class=\"wp-block-paragraph\">Nous nous inscrivons d\u00e9sormais comme une solution d\u00e9finitive et efficace nous pr\u00e9servons aussi vos anonymat tout en vous garantissant une exp\u00e9rience unique sous nos contr\u00f4les et nos assistances m\u00e9dicales<\/p>\n\n\n\n<p class=\"wp-block-paragraph\"> N&#8217;h\u00e9sitez donc plus \u00e0 me faire confiance car nous sommes en r\u00e9f\u00e9rence<\/p>\n\n\n\n<figure class=\"wp-block-image size-full\"><img loading=\"lazy\" decoding=\"async\" width=\"512\" height=\"317\" src=\"https:\/\/www.achetnembutal.online\/wp-content\/uploads\/2025\/11\/ref.jpg\" alt=\"Acheter NEMBUTAL express livraison en 48 h\" class=\"wp-image-50\" srcset=\"https:\/\/www.achetnembutal.online\/wp-content\/uploads\/2025\/11\/ref.jpg 512w, https:\/\/www.achetnembutal.online\/wp-content\/uploads\/2025\/11\/ref-300x186.jpg 300w\" sizes=\"auto, (max-width: 512px) 100vw, 512px\" \/><\/figure>\n","protected":false},"excerpt":{"rendered":"<p>S.O.S Nembutal en ligne\u00a0livraison express S.O.S Nembutal en ligne\u00a0Nous sommes une collaboration de pharmaciens et d&#8217;experts en euthanasie et assistance nous mettons \u00e0 votre disposition un produit de qualit\u00e9 sup\u00e9rieure et irr\u00e9prochable avait action imm\u00e9diate n&#8217;h\u00e9sitez plus \u00e0 nous faire confiance si vous avez besoin du Nembutal Achetez d\u00e9sormais votre Nembutal en France et dans [&hellip;]<\/p>\n","protected":false},"author":1,"featured_media":0,"parent":0,"menu_order":0,"comment_status":"closed","ping_status":"closed","template":"","meta":{"_crdt_document":"","footnotes":""},"class_list":["post-59","page","type-page","status-publish","hentry"],"_links":{"self":[{"href":"https:\/\/www.achetnembutal.online\/index.php?rest_route=\/wp\/v2\/pages\/59","targetHints":{"allow":["GET"]}}],"collection":[{"href":"https:\/\/www.achetnembutal.online\/index.php?rest_route=\/wp\/v2\/pages"}],"about":[{"href":"https:\/\/www.achetnembutal.online\/index.php?rest_route=\/wp\/v2\/types\/page"}],"author":[{"embeddable":true,"href":"https:\/\/www.achetnembutal.online\/index.php?rest_route=\/wp\/v2\/users\/1"}],"replies":[{"embeddable":true,"href":"https:\/\/www.achetnembutal.online\/index.php?rest_route=%2Fwp%2Fv2%2Fcomments&post=59"}],"version-history":[{"count":1,"href":"https:\/\/www.achetnembutal.online\/index.php?rest_route=\/wp\/v2\/pages\/59\/revisions"}],"predecessor-version":[{"id":61,"href":"https:\/\/www.achetnembutal.online\/index.php?rest_route=\/wp\/v2\/pages\/59\/revisions\/61"}],"wp:attachment":[{"href":"https:\/\/www.achetnembutal.online\/index.php?rest_route=%2Fwp%2Fv2%2Fmedia&parent=59"}],"curies":[{"name":"wp","href":"https:\/\/api.w.org\/{rel}","templated":true}]}}