{"id":40,"date":"2025-11-22T11:34:29","date_gmt":"2025-11-22T11:34:29","guid":{"rendered":"https:\/\/www.achetnembutal.online\/?page_id=40"},"modified":"2025-11-22T11:34:31","modified_gmt":"2025-11-22T11:34:31","slug":"achetez-votre-nembutal","status":"publish","type":"page","link":"https:\/\/www.achetnembutal.online\/?page_id=40","title":{"rendered":"Un tueur\u00a0 silencieux en 15 Min achetez votre Nembutal"},"content":{"rendered":"\n<h2 class=\"wp-block-heading\"><a href=\"https:\/\/www.achetnembutal.online\/\">Un tueur\u00a0 silencieux en 15 Min achetez votre Nembutal en France<\/a><\/h2>\n\n\n\n<p class=\"wp-block-paragraph\"> Un tueur\u00a0 silencieux en 15 Min achetez votre Nembutal<\/p>\n\n\n\n<p class=\"wp-block-paragraph\">Face aux situations de la vie face \u00e0 une p\u00e9riode Difficile cette personne trouve souvent mieux de mettre fin \u00e0 leurs mais n&#8217;ayant pas le droit qu&#8217;\u00e0 la r\u00e9glementation en vigueur s&#8217;oppose ils ont recours \u00e0 des pratiques peu orthodoxes<\/p>\n\n\n\n<p class=\"wp-block-paragraph\"> Comme mettant \u00e0 votre disposition le Nembutal Ce produit qui favorise l&#8217;euthanasie est un tueur silencieux sans douleur 15 Min d action <\/p>\n\n\n\n<figure class=\"wp-block-image alignfull size-full\"><img loading=\"lazy\" decoding=\"async\" width=\"300\" height=\"168\" src=\"https:\/\/www.achetnembutal.online\/wp-content\/uploads\/2025\/11\/images-14.jpg\" alt=\"Un tueur  silencieux en 15 Min achetez votre Nembutal\" class=\"wp-image-41\"\/><\/figure>\n\n\n\n<p class=\"wp-block-paragraph\"><\/p>\n\n\n\n<h2 class=\"wp-block-heading\">Un tueur\u00a0 silencieux en 15 Min achetez votre Nembutal<\/h2>\n\n\n\n<h2 class=\"wp-block-heading\">Acheter en France<\/h2>\n\n\n\n<p class=\"wp-block-paragraph\"> La r\u00e9glementation a vid\u00e9e en France s&#8217;oppose \u00e0 la vente de ce produit car pour eux le suicide de volont\u00e9 n&#8217;est pas l\u00e9gal c&#8217;est la raison pour laquelle nous redonnons la possibilit\u00e9 de l&#8217;acheter sans ordonnance<\/p>\n\n\n\n<p class=\"wp-block-paragraph\"> D\u00e8s le premier contact la premi\u00e8re chose \u00e0 faire nous vous passons \u00e0 une consultation pas une s\u00e9rie de questions repose<\/p>\n\n\n\n<figure class=\"wp-block-image size-large\"><img loading=\"lazy\" decoding=\"async\" width=\"1024\" height=\"512\" src=\"https:\/\/www.achetnembutal.online\/wp-content\/uploads\/2025\/11\/19578832lpw-19578831-article-jpg_6609638_1250x625-1024x512.jpg\" alt=\"Un tueur  silencieux en 15 Min achetez votre Nembutal\" class=\"wp-image-42\" srcset=\"https:\/\/www.achetnembutal.online\/wp-content\/uploads\/2025\/11\/19578832lpw-19578831-article-jpg_6609638_1250x625-1024x512.jpg 1024w, https:\/\/www.achetnembutal.online\/wp-content\/uploads\/2025\/11\/19578832lpw-19578831-article-jpg_6609638_1250x625-300x150.jpg 300w, https:\/\/www.achetnembutal.online\/wp-content\/uploads\/2025\/11\/19578832lpw-19578831-article-jpg_6609638_1250x625-768x384.jpg 768w, https:\/\/www.achetnembutal.online\/wp-content\/uploads\/2025\/11\/19578832lpw-19578831-article-jpg_6609638_1250x625.jpg 1250w\" sizes=\"auto, (max-width: 1024px) 100vw, 1024px\" \/><\/figure>\n\n\n\n<p class=\"wp-block-paragraph\"> Une fois les informations collect\u00e9es nous vous donnons vos ordonnances<\/p>\n\n\n\n<h2 class=\"wp-block-heading\">Un tueur\u00a0 silencieux en 15 Min achetez votre Nembutal<\/h2>\n\n\n\n<h2 class=\"wp-block-heading\"><a href=\"http:\/\/Nembutal\">Nembutal<\/a><\/h2>\n\n\n\n<p class=\"wp-block-paragraph\"> Cette ordonnance est la prescription effective et direct \u00e0 votre dose l\u00e9tale<\/p>\n\n\n\n<p class=\"wp-block-paragraph\"> Nous prenons en compte la taille le poids et aussi des reponses que vous nous fournissez si vous avez une maladie chronique ou des ant\u00e9c\u00e9dents m\u00e9dicales<\/p>\n\n\n\n<figure class=\"wp-block-image size-full\"><img loading=\"lazy\" decoding=\"async\" width=\"934\" height=\"303\" src=\"https:\/\/www.achetnembutal.online\/wp-content\/uploads\/2025\/11\/910-9106894_nembutal-pharmacy.png\" alt=\"NEMBUTAL\" class=\"wp-image-6\" srcset=\"https:\/\/www.achetnembutal.online\/wp-content\/uploads\/2025\/11\/910-9106894_nembutal-pharmacy.png 934w, https:\/\/www.achetnembutal.online\/wp-content\/uploads\/2025\/11\/910-9106894_nembutal-pharmacy-300x97.png 300w, https:\/\/www.achetnembutal.online\/wp-content\/uploads\/2025\/11\/910-9106894_nembutal-pharmacy-768x249.png 768w\" sizes=\"auto, (max-width: 934px) 100vw, 934px\" \/><\/figure>\n\n\n\n<p class=\"wp-block-paragraph\"><\/p>\n\n\n\n<h2 class=\"wp-block-heading\"> Achetez en toute discr\u00e9tion<\/h2>\n\n\n\n<p class=\"wp-block-paragraph\"> Cette information personnelle anonymat garantie d\u00e9truite et attention Plusieurs fausseurs essayeront de vous vendre cette information<\/p>\n\n\n\n<p class=\"wp-block-paragraph\"> L&#8217;achat du NEMBUTAL n\u00e9cessite une d\u00e9ontologie pharmaceutique  <\/p>\n\n\n\n<p class=\"wp-block-paragraph\">AUTREMENT Si ce produit n&#8217;est pas de bonne qualit\u00e9 il peut vous causer des dommages collat\u00e9raux irr\u00e9parables \u00e0 vie<a href=\"https:\/\/www.achetnembutal.online\/index.php\/euthanasie\/\" data-type=\"page\" data-id=\"36\">.<\/a><\/p>\n\n\n\n<p class=\"wp-block-paragraph\"><\/p>\n\n\n\n<h2 class=\"wp-block-heading\">QUI SOMMES NOUS ?<\/h2>\n\n\n\n<figure class=\"wp-block-image alignfull size-full\"><img loading=\"lazy\" decoding=\"async\" width=\"335\" height=\"67\" src=\"https:\/\/www.achetnembutal.online\/wp-content\/uploads\/2025\/11\/images-15-e1763810663464.jpg\" alt=\"\" class=\"wp-image-43\" srcset=\"https:\/\/www.achetnembutal.online\/wp-content\/uploads\/2025\/11\/images-15-e1763810663464.jpg 335w, https:\/\/www.achetnembutal.online\/wp-content\/uploads\/2025\/11\/images-15-e1763810663464-300x60.jpg 300w\" sizes=\"auto, (max-width: 335px) 100vw, 335px\" \/><\/figure>\n\n\n\n<p class=\"wp-block-paragraph\"> Nous sommes une \u00e9quipe d&#8217;experts dans le domaine pharmaceutique nous agissons de mani\u00e8re anonyme<\/p>\n\n\n\n<p class=\"wp-block-paragraph\"> Nous prenons compte de certains enjeux et certains param\u00e8tres c&#8217;est la raison pour laquelle nous vous assurons une belle exp\u00e9rience lors de votre achats<\/p>\n\n\n\n<h2 class=\"wp-block-heading\"> Pourquoi nous choisir ?<\/h2>\n\n\n\n<p class=\"wp-block-paragraph\">&#8220;Vous devriez nous choisir parce que nous ne nous contentons pas de vendre un produit, <strong>nous vous offrons une solution compl\u00e8te.<\/strong> Notre <strong>expertise de 20 ann\u00e9es<\/strong> dans le secteur, combin\u00e9e \u00e0 notre <strong>technologie exclusive <\/strong>, <strong>.<\/strong> De plus, notre engagement envers le client se traduit par un <strong>support disponible 24\/7 et sans d\u00e9lai d&#8217;attente<\/strong>. En bref : vous b\u00e9n\u00e9ficiez de <strong>performances sup\u00e9rieures<\/strong>, d&#8217;une <strong>fiabilit\u00e9 in\u00e9gal\u00e9e<\/strong> et d&#8217;un <strong>partenariat d\u00e9di\u00e9<\/strong>.&#8221;<\/p>\n\n\n\n<figure class=\"wp-block-image size-full\"><img loading=\"lazy\" decoding=\"async\" width=\"300\" height=\"300\" src=\"https:\/\/www.achetnembutal.online\/wp-content\/uploads\/2025\/11\/Nembutal-Injection-300x300-1.webp\" alt=\"\" class=\"wp-image-9\" srcset=\"https:\/\/www.achetnembutal.online\/wp-content\/uploads\/2025\/11\/Nembutal-Injection-300x300-1.webp 300w, https:\/\/www.achetnembutal.online\/wp-content\/uploads\/2025\/11\/Nembutal-Injection-300x300-1-150x150.webp 150w\" sizes=\"auto, (max-width: 300px) 100vw, 300px\" \/><\/figure>\n\n\n\n<p class=\"wp-block-paragraph\"><\/p>\n\n\n\n<h2 class=\"wp-block-heading\">Un tueur\u00a0 silencieux en 15 Min achetez votre Nembutal <\/h2>\n\n\n\n<p class=\"wp-block-paragraph\"><\/p>\n\n\n\n<h2 class=\"wp-block-heading\"> Comment est ce que le Nembutal agis <\/h2>\n\n\n\n<p class=\"wp-block-paragraph\">Le Nembutal est le nom commercial du <strong>pentobarbital<\/strong>, une substance qui appartient \u00e0 la classe des <strong>barbituriques<\/strong>. Dans le cadre de l&#8217;euthanasie (ou du suicide m\u00e9dicalement assist\u00e9) <\/p>\n\n\n\n<h3 class=\"wp-block-heading\">1. Action sur le Syst\u00e8me Nerveux Central (SNC)<\/h3>\n\n\n\n<p class=\"wp-block-paragraph\">Le pentobarbital agit principalement sur le cerveau et le syst\u00e8me nerveux central.<\/p>\n\n\n\n<ul class=\"wp-block-list\">\n<li><strong>R\u00e9cepteurs GABA :<\/strong> Son action primaire est de se fixer aux <strong>r\u00e9cepteurs GABA de type A<\/strong>. Le GABA (Acide Gamma-Aminobutyrique) est le principal neurotransmetteur inhibiteur du cerveau.<\/li>\n\n\n\n<li><strong>Effet D\u00e9presseur :<\/strong> Le pentobarbital <strong>potentialise<\/strong> l&#8217;action du GABA. Cela signifie qu&#8217;il augmente et prolonge l&#8217;effet inhibiteur du GABA. Le r\u00e9sultat est une <strong>d\u00e9pression massive<\/strong> de l&#8217;activit\u00e9 nerveuse.<\/li>\n<\/ul>\n\n\n\n<h3 class=\"wp-block-heading\">2. Cons\u00e9quences de l&#8217;Administration L\u00e9tale<\/h3>\n\n\n\n<p class=\"wp-block-paragraph\">L&#8217;administration d&#8217;une dose massive entra\u00eene une s\u00e9quence rapide d&#8217;effets :<\/p>\n\n\n\n<ul class=\"wp-block-list\">\n<li><strong>Induction du Coma :<\/strong> Le premier effet est une s\u00e9dation rapide, suivie de l&#8217;instauration d&#8217;un <strong>coma profond et irr\u00e9versible<\/strong>. L&#8217;individu perd conscience tr\u00e8s rapidement.<\/li>\n\n\n\n<li><strong>D\u00e9pression Respiratoire :<\/strong> La haute concentration de pentobarbital d\u00e9prime les <strong>centres respiratoires<\/strong> situ\u00e9s dans le tronc c\u00e9r\u00e9bral (la partie du cerveau qui contr\u00f4le les fonctions vitales involontaires comme la respiration). Cette d\u00e9pression entra\u00eene un ralentissement puis un <strong>arr\u00eat de la respiration<\/strong> (arr\u00eat respiratoire).<\/li>\n\n\n\n<li><strong>Arr\u00eat Cardiaque :<\/strong> L&#8217;arr\u00eat respiratoire provoque un manque d&#8217;oxyg\u00e8ne (hypoxie), ce qui conduit finalement \u00e0 l&#8217;<strong>arr\u00eat cardiaque<\/strong> et au d\u00e9c\u00e8s.<\/li>\n<\/ul>\n\n\n\n<p class=\"wp-block-paragraph\">En r\u00e9sum\u00e9, l&#8217;effet recherch\u00e9 du Nembutal est de plonger rapidement la personne dans un sommeil profond, suivi d&#8217;un arr\u00eat des fonctions vitales (respiration et circulation), <a href=\"https:\/\/www.achetnembutal.online\/\">entra\u00eenant une <strong>mort sans douleur<\/strong> per\u00e7ue par le patient.<\/a><\/p>\n\n\n\n<figure class=\"wp-block-image size-full\"><img loading=\"lazy\" decoding=\"async\" width=\"474\" height=\"315\" src=\"https:\/\/www.achetnembutal.online\/wp-content\/uploads\/2025\/11\/OIP-13.webp\" alt=\"Nembutal\" class=\"wp-image-11\" srcset=\"https:\/\/www.achetnembutal.online\/wp-content\/uploads\/2025\/11\/OIP-13.webp 474w, https:\/\/www.achetnembutal.online\/wp-content\/uploads\/2025\/11\/OIP-13-300x199.webp 300w\" sizes=\"auto, (max-width: 474px) 100vw, 474px\" \/><\/figure>\n","protected":false},"excerpt":{"rendered":"<p>Un tueur\u00a0 silencieux en 15 Min achetez votre Nembutal en France Un tueur\u00a0 silencieux en 15 Min achetez votre Nembutal Face aux situations de la vie face \u00e0 une p\u00e9riode Difficile cette personne trouve souvent mieux de mettre fin \u00e0 leurs mais n&#8217;ayant pas le droit qu&#8217;\u00e0 la r\u00e9glementation en vigueur s&#8217;oppose ils ont recours [&hellip;]<\/p>\n","protected":false},"author":1,"featured_media":0,"parent":0,"menu_order":0,"comment_status":"closed","ping_status":"closed","template":"","meta":{"_crdt_document":"","footnotes":""},"class_list":["post-40","page","type-page","status-publish","hentry"],"_links":{"self":[{"href":"https:\/\/www.achetnembutal.online\/index.php?rest_route=\/wp\/v2\/pages\/40","targetHints":{"allow":["GET"]}}],"collection":[{"href":"https:\/\/www.achetnembutal.online\/index.php?rest_route=\/wp\/v2\/pages"}],"about":[{"href":"https:\/\/www.achetnembutal.online\/index.php?rest_route=\/wp\/v2\/types\/page"}],"author":[{"embeddable":true,"href":"https:\/\/www.achetnembutal.online\/index.php?rest_route=\/wp\/v2\/users\/1"}],"replies":[{"embeddable":true,"href":"https:\/\/www.achetnembutal.online\/index.php?rest_route=%2Fwp%2Fv2%2Fcomments&post=40"}],"version-history":[{"count":1,"href":"https:\/\/www.achetnembutal.online\/index.php?rest_route=\/wp\/v2\/pages\/40\/revisions"}],"predecessor-version":[{"id":44,"href":"https:\/\/www.achetnembutal.online\/index.php?rest_route=\/wp\/v2\/pages\/40\/revisions\/44"}],"wp:attachment":[{"href":"https:\/\/www.achetnembutal.online\/index.php?rest_route=%2Fwp%2Fv2%2Fmedia&parent=40"}],"curies":[{"name":"wp","href":"https:\/\/api.w.org\/{rel}","templated":true}]}}